
5
Let r(h) = h**2 + 2*h + 1. Let x(i) = -i**2 - 14*i - 9. Let z be (0 - 3/15)*5. Let n(q) = z*x(q) - 2*r(q). What is n(5)?
32
Suppose 0 = 70*l - 74*l + 5*x + 93, -66 = -3*l + 3*x. Let a(y) = 136*y - 5 - 6 - 135*y. Determine a(l).
6
Let c(w) = -w**2 - 6*w - 3. Let f be 1/(-7) + (-10)/(-70). Suppose -v + 0*v = 3*a + 4, 4 = 5*a - v. Suppose a*k - 2*k - 12 = f. Give c(k).
-3
Suppose -9 = -21*z + 18*z, 3*n + 15 = -z. Let g(f) = -5 + 7*f - 2 - 9*f**2 + 10*f**2. What is g(n)?
-13
Let u = 62 + -58. Suppose -2 = -5*s - 4*l, 6*s + u*l + 6 = 5*s. Let x(v) = v**3 - 50*v**2 + 3 + 3*v + 26*v**s + 26*v**2 + 0*v. Calculate x(-2).
-3
Let f be (-3)/((-90)/4) + 6558/90. Let x = 75 - f. Let s(a) = -4*a**x + 155 - 155 - a + a**3 + 4*a. Give s(3).
0
Let h(i) = -6 + 10*i - 8*i - 10*i - 7*i + 9*i - i**2. Give h(-2).
2
Let v(n) be the third derivative of n**7/2520 - 17*n**6/720 + n**5/20 - 35*n**3/6 + 3*n**2 - 34*n. Let c(i) be the third derivative of v(i). Determine c(5).
-7
Suppose -15*n + 129 + 53 = -13. Let t(m) = -m**3 + 12*m**2 + 12*m - 19. Calculate t(n).
-32
Suppose -5*i + 4*j + 310 = 0, 2*i - 2*j - 55 = 67. Let w(c) = -1 + i*c + 51*c - 111*c. What is w(2)?
11
Let q(o) = -40*o. Let b(f) = -6*f. Let v(y) = -5*b(y) + q(y). Determine v(-1).
10
Let u(o) = -2*o + 16. Let c(s) = 5*s**3 - 2*s**2 - 2*s - 46. Let n be c(-4). Let r = 396 + n. Determine u(r).
4
Let y(q) = -5*q**2 - 8*q + 14. Let i(s) = s**2 + 3*s - 5. Let r(a) = -11*i(a) - 4*y(a). Give r(2).
33
Let d(w) = -2*w**3 + 15*w**2 + 2*w + 27. Let r be (-64 + 14)/(-2) - 17. Calculate d(r).
-21
Let k(w) be the first derivative of -w**5/60 - w**4/4 - w**3/2 + 47*w**2/2 - 10. Let t(z) be the second derivative of k(z). What is t(-6)?
-3
Let c(d) = -d + 3. Let z(o) = -6*o + 16. Let l(r) = -11*c(r) + 2*z(r). Let n(g) = 24*g - 5. Let v(h) = 4*l(h) - n(h). Calculate v(1).
-27
Let w(g) = 7*g**3 - 19*g**2 - g. Suppose 18 = 6*i - i + i. Give w(i).
15
Suppose r - k = 67, 2*r - 63 = -5*k + 106. Let x = r - 66. Suppose -2*z = -4*i + 20, z + 5*i + 6 = x*i. Let y(o) = -2*o + 2. What is y(z)?
6
Let i(l) = 5*l - 10. Let f be i(2). Suppose -3*g + o - 30 = f, 0 = 4*g + 4*o + 38 + 2. Let p(s) = -s - 9. Calculate p(g).
1
Let j(c) = -2*c - 4. Let i be (-28 - 376)/(-1*2 + 0). Let l = 197 - i. Determine j(l).
6
Let l(o) be the second derivative of 41*o + 3*o**2 - 1/6*o**3 + 0. Suppose 3*a + 7 = 4*a. What is l(a)?
-1
Let l be ((-2)/(-5))/(8/(4 + 76)). Suppose -34 = 2*r - l*t - 10, -4*t + 12 = 0. Let q(a) = a**3 + 7*a**2 + a - 3. Calculate q(r).
27
Let h be 7 + 4 + -3 + -4. Suppose -4*m - 6 + 18 = h*r, -5*m - 1 = -3*r. Let i(u) = u - u**2 + 2 - 1 + 0*u**r + 4. Determine i(0).
5
Let w(x) = -x**2 - 3*x + 20. Suppose 252 = 4*c - 47*c + 37. Give w(c).
10
Let x(j) = 2*j**2 - 25*j - 75. Suppose 585*t - 590*t + 55 = 4*p, 0 = t + 5*p + 10. Give x(t).
0
Let d(g) = g**2 + 4*g + 2. Suppose 5*t - 36 = 4*u, -14*u - 5*t + 4 = -10*u. Give d(u).
2
Let i be ((-852)/(-710))/((-6)/130). Let a(n) = -n - 20. Determine a(i).
6
Let b = -814 - -820. Suppose b*p = 9*p - 5*p. Let w(d) = d - d - d + 2. What is w(p)?
2
Let a = -28 + 26. Let b(g) = -g**3 + 2*g. Let j(w) = 3*w**3 + 2*w**2 - 6*w + 1. Let s(o) = a*j(o) - 7*b(o). What is s(4)?
-10
Let i(m) = m**2 - 2*m + 1. Suppose 0 = k + 34 - 30. Let g = 6 - k. Let q be (-12)/g*7/(105/(-50)). Give i(q).
9
Let p = -275921 - -275920. Let f(d) = -5*d**2 + 4*d - 5. Suppose -7*l = -2*l - 25. Let k(h) = 5*h**2 - 3*h + 4. Let x(g) = l*k(g) + 4*f(g). Calculate x(p).
4
Let x = -5077 - -609241/120. Let g(t) be the third derivative of x*t**6 + 0 + 15*t**2 + 1/24*t**4 + 0*t + 1/6*t**3 + 1/60*t**5. What is g(0)?
1
Let i(n) = -n**2 + 29*n + 116. Suppose 164*r - 13920 = -462*r + 191*r. What is i(r)?
20
Suppose 1 = 5*a - 19. Let s(x) = -48*x + 3 + 91*x - 47*x + 5*x**2 - x**3. Determine s(a).
3
Suppose 10 = -3*g - 2. Let i(z) = 2*z**3 + 2*z**2 + z - 5. Let v(m) = 9*m**3 + 5*m**2 + 6*m - 20. Let w(r) = -5*i(r) + v(r). What is w(g)?
-15
Let p(k) = -4*k**3 - 2*k**2 + 5*k. Let b(t) = t**3 - t**2 - 3*t - 1. Let j be (6 - 4)/(14/21). Let g(a) = j*b(a) + p(a). What is g(-4)?
-3
Let g(a) be the first derivative of 39*a**2/2 + 168*a - 114. Let w(c) = 11*c + 47. Let j(v) = 5*g(v) - 18*w(v). Determine j(-1).
-3
Let v be (-42 + -2)/(2200/400). Let n(m) be the third derivative of m**5/120 + m**4/4 - m**3/6 + m**2. Let a(p) be the first derivative of n(p). What is a(v)?
-2
Let g(i) be the second derivative of -1/6*i**3 - 5/2*i**2 + 2 - 4*i. Calculate g(5).
-10
Suppose -15*n - 6 = -2331. Let z(q) = 150*q - n*q - 4 + 11. Determine z(6).
-23
Let y(o) = -5*o. Let j be y(1). Let n(d) be the second derivative of -2*d**3/3 - 7*d**2 - 3*d - 7878. Give n(j).
6
Let h = -5227 + 5227. Let a(v) = v**3 - v - 32. What is a(h)?
-32
Let x(q) = -12*q - 6*q + 4*q + 24988 - 24939. What is x(4)?
-7
Suppose -8*r = -24*r - 16. Suppose 0*i = 4*i - 44. Let v(c) = 3*c - 2. Let q(l) = -14*l + 11. Let f(w) = i*v(w) + 2*q(w). What is f(r)?
-5
Let h(c) be the third derivative of c**5/60 - 11*c**4/24 + 7*c**3/3 - 10*c**2. Let q be (1/(-1))/(16/(-176)). Determine h(q).
14
Suppose -12*g + 15*g = 117. Let t(b) = 0 - 8*b**2 + 12*b**2 + 36*b + 2 - g*b. Let h be 2/3 + (-8)/(-6). Determine t(h).
12
Let w = -57185 + 57176. Let t(z) = -z**2 + 7*z - 22 - 11*z - 8*z. Give t(w).
5
Suppose 4*y - 34 = 3*l + 13, 5*y = -2*l + 30. Let g(o) = -o**3 - 102 - 105*o**2 + 15*o - 5*o + 112*o**2 + 96. Determine g(y).
10
Let u(n) = -11*n**2 - n. Let k be (8 - 65/10)*(-2 - 20/(-15)). Give u(k).
-10
Let c(r) = -10*r**2 + 25 - 146*r - 134*r + 10 + 267*r + r**3. What is c(11)?
13
Suppose 35*f - 5 = 40*f. Let x(c) = -4*c + 1. Let y(w) = -10*w**2 - 10*w + 4. Let v(r) = 3*x(r) - y(r). Determine v(f).
11
Let q(m) be the third derivative of -m**5/30 + m**3/3 + 148*m**2 - 34. Calculate q(2).
-6
Suppose -69*m - 15 = -68*m - 12. Let g(l) = -4*l + 9. What is g(m)?
21
Let y(t) = -t**3 + 3*t**2 - t + 3. Let s(p) = p**2 - p + 1. Let x be (-266)/(-57)*6/7. Let q be (-2)/(x - 6) + 1. Let v(a) = q*s(a) - y(a). What is v(-1)?
-2
Let o(v) = -40 + 78 - 44 - v**3 + 4*v**2 + 5*v. Suppose -j = 4*j + 50. Let q = j - -15. Calculate o(q).
-6
Let w(t) be the second derivative of t**6/72 - t**5/120 - 25*t**4/12 - 14*t. Let q(a) be the third derivative of w(a). Suppose 22*x = 20*x + 2. Calculate q(x).
9
Let s(y) = y**3 - 12*y**2 - 19*y - 15. Let p be s(14). Let i = p - 85. Let x(c) = 76*c - i*c - 32*c - 2 - 22*c. Determine x(-6).
22
Suppose 0 = -3*m + 5*p + 30, -5*m + 2068*p = 2065*p - 34. Let v(r) = r**3 - 8*r**2 + 3*r + 1. Give v(m).
-59
Let m(q) = -152*q + 54. Let y(s) = 7*s - 2. Let w(b) = 2*m(b) + 44*y(b). Determine w(-3).
8
Let z be (-6)/12*(-1 + 1). Suppose 36*o - 816 = 20*o. Let v(g) = -o*g - 19 - 54*g + 104*g. Determine v(z).
-19
Let d(u) = u**3 - 2*u**2 - u - 2. Let v(g) = -7*g**3 + 13*g**2 + 5*g + 11. Let h(c) = 6*d(c) + v(c). Determine h(2).
-7
Let o be (4/3)/((-8)/(-36)). Let m(y) = 2*y**2 - 36*y + 5. Let u be m(18). Let p(g) = u + 1 + 2449*g - 2451*g. Determine p(o).
-6
Suppose 0 = -5*x + 9 + 16. Suppose -28 - 27 = -x*s. Suppose -s*a = -7*a. Let j(r) = -r - 2. Give j(a).
-2
Let f be 2 + (-3)/(21/(-6) + 2). Suppose f*n = 42 - 206. Let h = 38 + n. Let m(p) = p**3 + 3*p**2 - p + 2. Give m(h).
5
Let c = 34 + -31. Let p(b) = -8*b**3 - 15*b**c + 21*b**3 + 4*b**2 - b + 1 - 2*b. Let d(s) = -s**3 + 6*s**2 - 5*s + 2. Let v be d(5). Determine p(v).
-5
Let s = -4105/12 + 2737/8. Let p(k) be the third derivative of 0*k + 0 + 17*k**2 - s*k**4 - k**3. Give p(-4).
-2
Let g(u) = -u**3 + 6*u**2 + 9*u - 7. Let s be g(7). Let y(h) be the second derivative of h**3/6 - 5*h**2/2 - 22962*h. What is y(s)?
2
Let h(z) = z**3 + 6*z**2 - 8*z - 5. Let a be h(-7). Let u(k) = -k**3 - 8*k**a + 1 + 18*k**2 + 9*k + 2*k**3. Suppose 494 = -38*i + 152. Calculate u(i).
1
Let u = 3647 + -3647. Let d(j) be the third derivative of 0*j + 1/12*j**4 + 5*j**2 - j**3 + u. Determine d(-8).
-22
Let c = -170 + 253. Let f(w) = w - c + 82 + w**2 + 2*w. What is f(2)?
9
Let q(d) be the third derivative of 2*d**5/15 + d**4/24 + d**2 - 57*d + 5. Suppose 3*r = -2*s + 7, 5*s - r + 4*r - 4 = 0. Determine q(s).
7
Let d(h) be the first derivative of -20 + 0*h**2 + 1/3*h**3 + 1/4*h**4 + 2*h. Let c be d(0). Let y(j) = -j**3 + 2*j**2. What is y(c)?
0
Let f = 195 + -191. Let d(y) 